der when 17254 is divided by 224.
6
What is the remainder when 47746 is divided by 125?
121
What is the remainder when 768030 is divided by 158?
150
Calculate the remainder when 688 is divided by 44.
28
Calculate the remainder when 443978 is divided by 221981.
16
Calculate the remainder when 3437 is divided by 701.
633
Calculate the remainder when 4207 is divided by 581.
140
What is the remainder when 21251 is divided by 4247?
16
Calculate the remainder when 6186 is divided by 16.
10
What is the remainder when 38483 is divided by 621?
602
What is the remainder when 5104 is divided by 56?
8
What is the remainder when 10085 is divided by 531?
527
What is the remainder when 38511 is divided by 6416?
15
What is the remainder when 11415 is divided by 543?
12
What is the remainder when 1590 is divided by 310?
40
Calculate the remainder when 299678 is divided by 7684.
2
What is the remainder when 316709 is divided by 63338?
19
What is the remainder when 6273 is divided by 274?
245
What is the remainder when 135799 is divided by 12344?
15
Calculate the remainder when 40259 is divided by 157.
67
What is the remainder when 5283 is divided by 443?
410
Calculate the remainder when 733 is divided by 390.
343
Calculate the remainder when 24637 is divided by 4925.
12
Calculate the remainder when 457335 is divided by 228667.
1
Calculate the remainder when 8182 is divided by 44.
42
What is the remainder when 23329 is divided by 76?
73
Calculate the remainder when 4715 is divided by 14.
11
What is the remainder when 2182 is divided by 722?
16
What is the remainder when 2796 is divided by 221?
144
What is the remainder when 14844 is divided by 165?
159
What is the remainder when 33742 is divided by 355?
17
Calculate the remainder when 121365 is divided by 287.
251
What is the remainder when 284 is divided by 66?
20
What is the remainder when 9498 is divided by 59?
58
What is the remainder when 3999 is divided by 74?
3
Calculate the remainder when 5558 is divided by 716.
546
Calculate the remainder when 3703 is divided by 15.
13
What is the remainder when 879 is divided by 297?
285
Calculate the remainder when 1716 is divided by 622.
472
What is the remainder when 32714 is divided by 41?
37
What is the remainder when 399992 is divided by 51?
50
Calculate the remainder when 2901 is divided by 239.
33
What is the remainder when 11874 is divided by 846?
30
Calculate the remainder when 74508 is divided by 163.
17
Calculate the remainder when 99462 is divided by 1199.
1144
What is the remainder when 1806 is divided by 352?
46
Calculate the remainder when 11746 is divided by 502.
200
What is the remainder when 1871 is divided by 573?
152
What is the remainder when 1685 is divided by 353?
273
Calculate the remainder when 750454 is divided by 168.
166
What is the remainder when 6026 is divided by 274?
272
What is the remainder when 160631 is divided by 1078?
9
What is the remainder when 26675879 is divided by 770?
769
What is the remainder when 93389 is divided by 250?
139
Calculate the remainder when 180805 is divided by 1600.
5
Calculate the remainder when 940 is divided by 234.
4
Calculate the remainder when 227058 is divided by 163.
162
What is the remainder when 65945 is divided by 1735?
15
Calculate the remainder when 1488 is divided by 34.
26
Calculate the remainder when 12315 is divided by 209.
193
What is the remainder when 727735 is divided by 6?
1
Calculate the remainder when 3088660 is divided by 46.
36
Calculate the remainder when 7250 is divided by 3435.
380
What is the remainder when 33361 is divided by 1390?
1
Calculate the remainder when 326038 is divided by 45.
13
What is the remainder when 15991 is divided by 70?
31
What is the remainder when 175527 is divided by 1170?
27
Calculate the remainder when 9286 is divided by 27.
25
What is the remainder when 3906447 is divided by 16?
15
Calculate the remainder when 3944 is divided by 103.
30
What is the remainder when 13346 is divided by 4330?
356
Calculate the remainder when 32597 is divided by 32531.
66
What is the remainder when 7528 is divided by 215?
3
Calculate the remainder when 12351 is divided by 649.
20
Calculate the remainder when 227166 is divided by 8.
6
Calculate the remainder when 66999 is divided by 214.
17
Calculate the remainder when 124286 is divided by 128.
126
What is the remainder when 70277 is divided by 1314?
635
Calculate the remainder when 42257 is divided by 42243.
14
What is the remainder when 6532 is divided by 861?
505
Calculate the remainder when 1673 is divided by 87.
20
What is the remainder when 4387 is divided by 4380?
7
Calculate the remainder when 3634 is divided by 19.
5
Calculate the remainder when 1783 is divided by 555.
118
What is the remainder when 973 is divided by 174?
103
What is the remainder when 5124 is divided by 58?
20
Calculate the remainder when 52676 is divided by 251.
217
What is the remainder when 32150 is divided by 306?
20
Calculate the remainder when 4333119 is divided by 110.
109
What is the remainder when 61226 is divided by 21?
11
What is the remainder when 192846 is divided by 84?
66
What is the remainder when 21759 is divided by 393?
144
Calculate the remainder when 495 is divided by 98.
5
What is the remainder when 37393 is divided by 45?
43
What is the remainder when 28681 is divided by 1064?
1017
Calculate the remainder when 1139 is divided by 33.
17
What is the remainder when 69608 is divided by 461?
458
What is the remainder when 4850 is divided by 970?
0
What is the remainder when 97072 is divided by 1011?
16
Calculate the remainder when 2688 is divided by 656.
64
What is the remainder when 32547 is divided by 39?
21
What is the remainder when 16267 is divided by 53?
49
Calculate the remainder when 5124 is divided by 2438.
248
Calculate the remainder when 37169 is divided by 122.
81
Calculate the remainder when 8160 is divided by 85.
0
Calculate the remainder when 559646 is divided by 615.
611
Calculate the remainder when 48755 is divided by 356.
339
Calculate the remainder when 3365 is divided by 831.
41
Calculate the remainder when 293 is divided by 28.
13
What is the remainder when 67931 is divided by 21?
17
What is the remainder when 226443 is divided by 11?
8
Calculate the remainder when 42444 is divided by 7.
3
What is the remainder when 10506 is divided by 3419?
249
Calculate the remainder when 5856 is divided by 4821.
1035
Calculate the remainder when 16936 is divided by 1536.
40
What is the remainder when 111432 is divided by 358?
94
Calculate the remainder when 34106 is divided by 90.
86
Calculate the remainder when 2924 is divided by 2875.
49
Calculate the remainder when 820 is divided by 116.
8
Calculate the remainder when 356566 is divided by 118848.
22
What is the remainder when 42863 is divided by 152?
151
What is the remainder when 72873 is divided by 32?
9
Calculate the remainder when 2804 is divided by 712.
668
Calculate the remainder when 72817 is divided by 14.
3
Calculate the remainder when 27909 is divided by 271.
267
Calculate the remainder when 2141 is divided by 10.
1
What is the remainder when 8211 is divided by 2559?
534
What is the remainder when 1548 is divided by 70?
8
Calculate the remainder when 3242 is divided by 189.
29
Calculate the remainder when 630883 is divided by 115.
108
What is the remainder when 9854 is divided by 366?
338
Calculate the remainder when 10469 is divided by 11.
8
Calculate the remainder when 43893 is divided by 399.
3
What is the remainder when 2867 is divided by 639?
311
What is the remainder when 9272 is divided by 9?
2
What is the remainder when 1253 is divided by 419?
415
Calculate the remainder when 38292 is divided by 314.
298
Calculate the remainder when 1263 is divided by 377.
132
What is the remainder when 12117 is divided by 209?
204
Calculate the remainder when 591444 is divided by 37.
36
Calculate the remainder when 3456 is divided by 228.
36
Calculate the remainder when 31917 is divided by 4553.
46
Calculate the remainder when 426357 is divided by 33.
30
What is the remainder when 143234 is divided by 787?
0
What is the remainder when 9898 is divided by 382?
348
What is the remainder when 16027 is divided by 1457?
0
What is the remainder when 130580 is divided by 16